 5*a**2 + 16*a. Let n(j) = j - 1. Let c(o) = -6*n(o) + q(o). Let t be c(9). Let k(r) = r**2 + 2*r + 3. Determine k(t).
6
Let n be (4 + -22 + 0)*-3. Let s = 61 - n. Let g(x) = -s*x**2 + 3*x**3 - 5*x**3 + 8 + x**3. Give g(-7).
8
Let p(i) = 6*i + 126. Let u be p(-20). Let c(w) = w**3 - 5*w**2 - w - 19. Determine c(u).
11
Let d(t) be the first derivative of -88 + 1/3*t**3 + 3*t - 5/2*t**2. Determine d(3).
-3
Let a(u) = 31*u**2 + 231*u + 232. Let w be a(-1). Let x(y) = 4*y - 121. What is x(w)?
7
Let g = -6275 + 6253. Let l(w) be the second derivative of -w**3/6 + w**2/2 - w. Let m(k) = 12*k - 11. Let x(v) = g*l(v) - 2*m(v). Calculate x(6).
-12
Let b(g) be the second derivative of -10*g**3/3 - 53*g**2 + 8480*g. Determine b(-5).
-6
Let j(z) = -3*z**2 + 5*z - 12. Let u(r) = -3*r**2 + 4*r - 9. Suppose -v + 4*x = 19, -5*v + 5 = -2*x + 7*x. Let o(q) = v*u(q) + 2*j(q). Determine o(2).
11
Let r(p) = 13 + 26*p**2 - 5*p**2 + 2951*p - 1468*p + 2*p**3 - 1471*p. Calculate r(-10).
-7
Let j(q) = -2*q**2 - 6*q + 6. Let p be j(-3). Let g(v) be the third derivative of -v**4/24 - v**3/3 + 2*v**2 - 5*v. Calculate g(p).
-8
Let u = -548 - -586. Suppose k + 31 - u = 0. Let q(z) = z**2 - 6*z + 2. Determine q(k).
9
Let r(n) = n**2 + 2*n - 6. Suppose t = f - 18, 4*t + 2 = -4*f + 3*f. Let b(j) = -j**2 + 14*j + 5. Let k be b(f). Suppose -13 = k*a + 17. What is r(a)?
18
Let p(s) = 1325*s - 5300. Let u be p(4). Let j(f) = 8*f - 3. Let b(a) = -9*a + 4. Let t(d) = 6*b(d) + 7*j(d). Calculate t(u).
3
Let n be (-7)/(35/45)*2/(-3). Let k(c) = -6*c + 13*c - c**2 - n + 0. What is k(6)?
0
Let k(i) = 53*i - 27. Let c(x) = -210*x + 100. Let v(y) = -6*c(y) - 23*k(y). Calculate v(-1).
-20
Let b(y) = -2 + 20 - 9*y**2 - 7 + y**3 + 5*y. Let z be 2*(-14)/(-35)*10. What is b(z)?
-13
Let d(o) = -o**2 - 5*o + 5. Let r(y) = -3*y**2 + 12*y + 13. Let w(s) = -s**2 - 2*s + 1. Let l(i) = r(i) - 2*w(i). Let h be l(17). Determine d(h).
-1
Let j be (-114)/741 + 50/(-13). Let l(d) = 5*d**2 - d + 5. Let o(r) = -7*r**2 + 2*r - 5. Let u(y) = j*l(y) - 3*o(y). What is u(6)?
19
Let a(w) be the third derivative of w**5/60 - 5*w**4/12 - w**3/3 - w**2. Suppose -4*h + 42 = 2*u, 16*h - u = 15*h + 3. Determine a(h).
-18
Suppose -1782*l = -1798*l - 64. Let y(q) = -3*q**2 - 18*q - 10. Determine y(l).
14
Let l(h) = -9 + 99*h**2 + 10762*h - 97*h**2 - 10760*h. What is l(2)?
3
Let r(n) = n**2 + 22*n + 61. Let c(o) = 37*o + 684. Let d be c(-19). Calculate r(d).
4
Let x(o) = 2*o**2 - 20*o + 9. Suppose -4*a - 2*v = -54, -23*a + 22*a - v = -15. Calculate x(a).
57
Let v(m) = m**2 - 13*m - 3. Let o be 4/(-12)*-15 + -5. Let q be 0 - (4 - o/(-4) - 17). Give v(q).
-3
Suppose -3*x = -4*d - 6*x - 15, 20 = -2*d - 4*x. Let q be -1*(-2)/(d - -2). Let n(a) = 35*a. Let r(p) = 18*p. Let i(k) = -6*n(k) + 11*r(k). Calculate i(q).
-12
Let n(a) = -2*a**2 - a - 2. Let i(s) = -11*s**2 + 3*s - 23. Let v(b) = -i(b) + 5*n(b). Calculate v(13).
78
Let s(z) be the third derivative of z**6/720 + z**5/60 - 109*z**4/12 + 84*z**2. Let g(o) be the second derivative of s(o). Give g(9).
11
Suppose -i = 2, -3*u + 4*i = 27 + 31. Let y(z) = 3*z + 73. Determine y(u).
7
Let h = -784 + 821. Suppose 4*v + h - 17 = 4*n, -v - 8 = -4*n. Let b(k) = -2*k**2 - 7*k - 4. Give b(v).
-8
Let h(q) = -q**2 + 7*q - 1. Let g(k) = 13*k**3 + 12*k**2 - k + 28. Let w(n) = -6*n**3 - 6*n**2 - 13. Let d(s) = 4*g(s) + 9*w(s). Let p be d(-3). What is h(p)?
-1
Let j be (-134)/(-26) - (-128)/(-832). Let x(l) = -l**3 + 6*l**2 + 6*l - 4. Calculate x(j).
51
Let p(u) = -19*u + 1. Let n(d) = 12*d - 2. Let m(y) = 5*n(y) + 3*p(y). Calculate m(4).
5
Let k(u) = u**3 + 21*u**2 - 8*u + 30. Let c(z) = z**3 + 23*z**2 - 8*z + 30. Let t(a) = -4*c(a) + 5*k(a). Determine t(-14).
-54
Let m(f) = 43*f**3 - f**2 + f. Suppose -134 = -117*j - 17. Determine m(j).
43
Suppose 23*n = -4*d + 20*n + 20, -33 = d - 4*n. Let t(s) = -17*s**2 + 22*s + 21. Determine t(d).
-18
Let n(g) = -g**2 - 3*g. Let v be n(-2). Let b(p) be the third derivative of p**5/30 - p**4/8 + p**3/6 - 92*p**2 + p. What is b(v)?
3
Let j(x) be the second derivative of -x**5/10 - x**4/3 + x**3/6 + x**2 - 5666*x. Suppose t - 2*l + 13 = 0, -5*l + 6 = 4*t - 7. Determine j(t).
17
Let y(r) = 16*r - 9. Let c(g) = -4*g + 2. Let q(t) = -9*c(t) - 2*y(t). Let k = -133 - -131. Give q(k).
-8
Let v(z) = 18*z**3 - 2*z**2 + 5*z + 2 - 15*z**3 + 2*z**3 - 3*z + 5*z**2. Calculate v(-1).
-2
Let x(a) = -5*a + 11. Let p be x(3). Let q be (330/70 - 5) + p/(-14). Let v(r) = -r**2 - 2*r - 4. Calculate v(q).
-4
Let y(v) be the first derivative of v**7/840 + v**6/60 - v**5/60 - 13*v**4/24 - 199*v**3/3 + 74. Let f(n) be the third derivative of y(n). Calculate f(-6).
-1
Let d(w) = 14*w. Let b(q) = -q**2 - 10*q - 20. Let z be b(-5). Suppose u - 5 = 4*r, -3*r - 7 = u - z*u. Calculate d(u).
14
Suppose 831 = 3*f - 7*f - 5*w, 1 = w. Let g = f + 204. Let u(v) = -v**3 - 6*v**2 - 7*v - 4. What is u(g)?
6
Let u(w) = 7*w**2 - 15*w + 6. Let c(x) = -9*x**2 + 16*x - 5. Suppose -16*z = -k - 12*z - 8, 0 = 3*z - 3. Let j(q) = k*u(q) - 3*c(q). Calculate j(8).
23
Let b = 167 + -151. Let n(w) = 3 + b*w**2 - w - 5*w - 25*w**2 - w**3. Let y = -27 + 19. Give n(y).
-13
Let f(b) = -2*b**2 + 24*b + 23. Let v be 11 - 6*4/(-12). Let c be f(v). Let k(t) = 0*t - 3 - 5*t - 1. Give k(c).
11
Let n(o) = -54*o + 62. Let s(t) = -208*t + 247. Let l(j) = -23*n(j) + 6*s(j). What is l(10)?
-4
Let q(o) = -o**2 - 18*o + 90. Let v be q(-22). Let x(g) = -4*g**v + 5*g**2 - g**2 + 4 + 8*g**2 + g**3. Calculate x(-8).
4
Let t(x) = 3*x + 10*x - 12*x + 3. Let k(l) = 2*l - 28. Let c be k(10). Determine t(c).
-5
Let f = 44 - 39. Let g(t) = 2 - t - 2*t + 2*t + 0*t. Give g(f).
-3
Let b(u) = u - u**2 - 20*u - 2 + 11*u. Determine b(-4).
14
Suppose -3*a + 3*w = 66, 22*a + 83 = 17*a - 4*w. Let b(y) = -y**2 - 19*y - 4. Give b(a).
-4
Let p(z) = z**2 + 4*z - 3. Let s be p(2). Suppose u + s = 2*u. Let y(b) be the second derivative of b**3/6 - 5*b**2 - 9390*b. Calculate y(u).
-1
Let m be (-3 + 3)/(-3) + (224/(-14) - -22). Let v(w) = 4*w**2 - 22*w - 18. What is v(m)?
-6
Let t = 372 - 562. Let x = -184 - t. Let v(g) = 0*g - g + 5*g. Give v(x).
24
Suppose -3 = -5*p - 28. Let q(g) be the first derivative of g**2/2 - 2*g + 6024. What is q(p)?
-7
Let f(i) = -12*i + 18. Let g be f(-3). Let y be 4/((-36)/g - (-4)/(-3)). Let o(l) = -4*l - 2. Calculate o(y).
6
Let b(w) = 19*w**2 - 303*w - 24. Let y(m) = -27*m**2 - 125*m + 66. Let h be y(-5). Give b(h).
-8
Let o(y) = -y**3 - 4*y**2 + 22*y + 3. Let r be o(-7). Let p be (-144)/(-32) + (-6)/r. Let d(j) = 4*j - 1. Give d(p).
23
Suppose 3412*u - 3436*u - 2 = -2. Let c(p) = p + 2. Give c(u).
2
Let w(j) = 3*j**2 - 13*j + 6. Let v be w(-8). Let y(z) = 300 + 5*z**3 + 3*z**2 - v - z**3. Determine y(-2).
-22
Let o(x) be the first derivative of -x**3 - 5 - x + 1/4*x**4 - 2*x**2. Calculate o(3).
-13
Let n(h) = 2387 + 5*h**2 - 2384 + 6*h - 10*h - 42*h**3 - 4*h. Determine n(1).
-42
Let i(c) = -39*c + 188. Let z be 30/(-90) - (48/9)/(-1). Determine i(z).
-7
Suppose 0 = 52*q - 45*q - 1932. Let l = q - 269. Let d(j) = j**2 - 10*j + 10. What is d(l)?
-11
Let s = -5198 - -5184. Let f(w) = 3*w + 39. Give f(s).
-3
Let u(r) = -7*r**2 + 25*r - 230. Let k(v) = -8*v**2 + 29*v - 268. Let w(a) = -13*k(a) + 15*u(a). What is w(-8)?
-14
Let r(a) = -a**2 - 13*a + 26. Let j be r(-14). Let y(i) = j*i + 24*i**3 - 14*i - 14*i**3 - i**2 - 1. What is y(-1)?
-10
Let c(w) = -5*w - 40. Let r(o) = o + 10. Let f(t) = 2*c(t) + 9*r(t). Suppose g - 8 = -36. Let p = g + 33. Calculate f(p).
5
Let d(s) = 5*s**2 + 9*s + 10. Suppose -113*b - 282 = -56. Calculate d(b).
12
Let l(g) be the second derivative of 5*g**3/2 + 55*g**2/2 + 819*g - 2. What is l(-9)?
-80
Let k(x) be the second derivative of -x**5/40 - x**4/6 - 31*x**3/3 - 4*x - 2. Let g(a) be the second derivative of k(a). What is g(6)?
-22
Let a(u) = 2*u + 2. Let p be ((-20)/(-6))/(4 + 516/(-126)). Let q = -25 - p. Suppose -2*w - q*w + 24 = 0. Calculate a(w).
6
Let u(k) be the third derivative of k**7/2520 - k**6/180 - k**5/12 + 5*k**4/24 + 74*k**2. Let q(t) be the second derivative of u(t). Determine q(5).
-5
Let a(x) = 2*x**3 + 8*x**2 - 9*x + 4. Let v(s) = -s**3 + s - 1. Let i(g) = a(g) + 3*v(g). Let w = -8845 + 8852. Determine i(w).
8
Suppose 5*h + 3*j - 8 + 0 = 0, -h = -j - 8. Suppose k =